et j(w) = 3*w - 11. Let u be j(z). List the prime factors of -3 + 15 + (-1*3)/u.
3
Let n(c) = -3*c**3 - 118*c**2 - 12*c - 44. List the prime factors of n(-40).
2, 3, 101
Let v = 390 + -174. Let q = 304 - v. List the prime factors of q.
2, 11
Let c(n) = -22*n + 36. Let a be c(2). Let g(f) = -8*f**2 + 2*f**3 - 5 - 5*f + 1 - 4*f**3 - 7*f**2. List the prime factors of g(a).
2, 5
Suppose 2596 = -4*n - 356. Suppose 4*i - 2*b = -0*i + 88, -b = 2. What are the prime factors of (-3)/i + n/(-21)?
5, 7
Suppose 0 = 8*f - 14*f + 13536. Suppose 11*y + f = 19*y. List the prime factors of y.
2, 3, 47
Let c(i) = 14*i**2 + 10*i + 27. Let z be c(-5). Let w = -460 + z. Let h = -64 - w. List the prime factors of h.
3, 23
Let r(l) = -2*l - 24. Let b be r(7). Let d = -33 - b. Suppose 5*q = v + q - 88, -d*v + 464 = 4*q. What are the prime factors of v?
2, 23
Let h(d) = -d**3 + 22*d**2 + 10*d + 9. Let l be h(22). Suppose 0 = -v + 2*v - l. Let j = v - 153. List the prime factors of j.
2, 19
Suppose 4*a + 24*w + 7281 = 19*w, -5*a = -5*w + 9090. Let b = -1177 - a. List the prime factors of b.
2, 3, 107
Suppose -431 = -k + 2*g - 139, -8 = 2*g. Suppose -13*c = -1484 - k. List the prime factors of c.
2, 17
Suppose 2*g - 210*x + 214*x = 96436, 2*x = 4*g - 192942. List the prime factors of g.
2, 6029
Suppose -3*g - 2*i + 13 = 0, -9 = -2*g - 4*i + 5. Suppose g*z + 2*q - 1040 = 0, 0 = -10*z + 12*z - 5*q - 668. List the prime factors of z.
2, 43
Let a(r) = 8*r. Let h be 2 - ((0 - -2) + -3). Let b be a(h). Let v = 7 + b. List the prime factors of v.
31
Suppose k - 33 = -3*w - 106, -2*w + 178 = -2*k. Let q(z) = -608*z + 2139. Let j be q(3). Let p = k + j. What are the prime factors of p?
2, 5, 23
Let a be (12/(-30))/(2/(-10)). Suppose 33*p = 35*p - a. Suppose 29 = 5*m - p. List the prime factors of m.
2, 3
Suppose 5*i = -4*q + 41, -8*q + 3*q = 2*i - 13. Let j be (-24)/2*((-66)/i + 7). Suppose j*y = -6*y + 780. What are the prime factors of y?
2, 3, 13
Suppose f + 9*t - 5*t = 28899, 6*t + 115662 = 4*f. List the prime factors of f.
3, 23, 419
Suppose 615 = 3*s - 19806. What are the prime factors of s?
3, 2269
Let i = -1801 - -614. Let y = i - -1716. What are the prime factors of y?
23
Suppose 2*u + y - 2508 = 0, -3*u - 2508 = -5*u - 4*y. Suppose -u = 40*w - 43*w. What are the prime factors of w?
2, 11, 19
Let g(o) = -74*o + 139. Let u(s) = -49*s + 92. Let x(p) = 5*g(p) - 8*u(p). List the prime factors of x(26).
3, 59
Let l = 412 + 32. Suppose 866 = 2*m - 5*v, m + 15*v = 12*v + l. List the prime factors of m.
2, 3, 73
Suppose -2075 = -3*g - 17. Let m = 1116 - g. Suppose 3*u - m = -0*z + 4*z, 3*u = z + 418. What are the prime factors of u?
2, 3, 23
Let r = -202 + 901. Let l = -161 + r. What are the prime factors of l?
2, 269
Let u(v) = -5*v - 30. Let z be u(-7). List the prime factors of (z/2)/((-3)/(-858)).
5, 11, 13
Let z(p) = 212*p**2 + 148*p + 41. List the prime factors of z(9).
5, 3709
Suppose -16*p + 84*p - 233370 = 413174. List the prime factors of p.
2, 2377
Suppose -4*b + o + 2*o + 155 = 0, -2*b + 76 = -2*o. Let r = -36 + b. Let c(j) = -j**2 + 15*j - 14. List the prime factors of c(r).
2, 3
Suppose -37*n + 35*n - 2 = 0. List the prime factors of (158 - -22)*n/(-4)*9.
3, 5
What are the prime factors of ((-214788)/6)/((-17 - -6)/11)?
2, 7, 2557
Suppose 4*q - 2 = 2*f, -f + 5*q + 0*q - 10 = 0. Suppose w - 2*w + f*n = 20, 0 = w - n. What are the prime factors of (-584)/(w/(-3) + 2/(-6))?
2, 73
Let d = -70 + 74. Suppose -5*t = d*y + 375, 5*t = 2*t - y - 225. List the prime factors of (36/(-5))/(15/t).
2, 3
Let o(s) = -s**3 - 2*s**2 + s + 2. Let u be o(-2). Suppose -7*v + 8*v - 1 = u. List the prime factors of -103*(0 + 4/(v + -3)).
2, 103
Let h = 29 - 26. Suppose 0 = 5*u - h*i - 61 - 15, 0 = -4*u - 5*i + 83. Suppose c + u = 44. What are the prime factors of c?
3
Let r = 10493 + -4116. List the prime factors of r.
7, 911
Let z be 46/7 + (-52)/91. Let x be 13/(13/300)*33/z. Suppose 0 = -10*v - 0*v + x. What are the prime factors of v?
3, 5, 11
Suppose 5 = 7*t - 23. Suppose 4*o + t = -5*l - 2, 5*o = -20. Suppose -9 = -2*r + 1, -l*r = 3*d - 847. List the prime factors of d.
3, 31
Let k(s) = s**3 + 13*s**2 + 7*s - 11. Let m be k(-12). Suppose -m + 47 = -j. What are the prime factors of ((-1)/2)/(j/(-288)) - -3?
3, 5
Suppose 15*a = -4945 - 2375. Let n = a - -1048. List the prime factors of n.
2, 5, 7
Let b(c) = 40*c**2 + 27*c + 56. List the prime factors of b(-10).
2, 3, 631
Suppose 3*t = 3*v - 0*v - 1494, -3*t - 4*v - 1494 = 0. Let q = t + 1023. List the prime factors of q.
3, 5, 7
Suppose 0 = 17*d - 23621 - 41493 - 43703. What are the prime factors of d?
37, 173
Suppose -330*y + 148*y = -165*y - 58565. What are the prime factors of y?
5, 13, 53
Let h(z) = 4131*z**3 + z**2 - 141*z + 283. List the prime factors of h(2).
33053
Suppose 13*r - 18712 = -330. Let f = r + -748. List the prime factors of f.
2, 3, 37
Let k(j) = -2119*j - 2218. List the prime factors of k(-9).
19, 887
Let f(j) = 286*j**2 - j - 1. Let w be f(-2). Let q = w - 790. What are the prime factors of q?
5, 71
Let v(d) be the second derivative of d**3/2 - 3*d**2 - 2*d. Let b be v(3). Suppose 5*k + 5*x - x - 971 = 0, 5*k - 972 = -b*x. List the prime factors of k.
3, 5, 13
Suppose 19 = -4*p + 3. Let t = 4 + p. Suppose 4*n + 450 = 5*b, t = -4*b - b - 3*n + 415. What are the prime factors of b?
2, 43
Let q be (-342)/(-9)*(1 - -1). Suppose -2*l + 6*l - 84 = 0. Suppose -5*v - j + 257 = l, q = 2*v + 5*j. What are the prime factors of v?
2, 3
List the prime factors of (17485/39 - 13)/(-3 + 659/219).
73, 653
Let l be 6 + (3/1 - 0). Let t(n) = 92*n**2 - 93*n**2 + 10*n - 10 + 11*n - 7. List the prime factors of t(l).
7, 13
Let s(b) = -2*b + 0*b - 64 + 34 + 36. Let p be s(2). Suppose 0 = -5*a - p*j + 5*j + 300, -5*a - 2*j + 300 = 0. List the prime factors of a.
2, 3, 5
What are the prime factors of 28881*(-10)/(-42) + (-4)/(-7)?
13, 23
Let b(s) = 2*s + 23. Let d be b(-5). Suppose -d = -u - 7. What are the prime factors of (-8)/(-24) + 742/u + 2?
2, 3, 7
What are the prime factors of ((-6582)/4)/((-801)/24564)?
2, 23, 1097
Suppose -2228 = -2*a - 4*t, -4*t + 5588 = 7*a - 2*a. Let i = -639 + a. What are the prime factors of i?
13, 37
Suppose 18 = 2*v - 28. What are the prime factors of ((-72)/(-14))/(v/483)?
2, 3
Let p be (-4078)/(-3) + 6/9. Suppose 4*j - p + 232 = 0. Suppose -4*r + 2*w + 94 = -3*r, -5*w = -3*r + j. List the prime factors of r.
2, 47
Suppose 0 = 2*j - 2*m - 792, -m = -2*j + 794 - 2. List the prime factors of j + (-1 - -1) - (-3 + 4).
5, 79
Suppose 0 = -3*o - 6, f - 4*o - 6 = 3. Let a be (f - -2)/((231/28)/11). What are the prime factors of (-426)/(-12) + (-2)/a?
5, 7
Suppose 0 = -12*v + 49783 - 7783. Suppose u - v = -9*u. List the prime factors of u.
2, 5, 7
Let o = -3094 + 4877. What are the prime factors of o?
1783
Suppose 176 = c - 3*c. Let v be (-1 - 0)/(22/c). Suppose 3*l - l = -v*k + 76, 0 = 3*k + 6. What are the prime factors of l?
2, 3, 7
Suppose 4*g = 5*v - 63, 3*v - 6*v + 43 = -5*g. Suppose d + 4 - v = 0. Suppose -3*c = -d*c + 8. List the prime factors of c.
2
Let i = -149 - -151. Suppose i*u + 2*q - 1612 = 0, -11*q - 4033 = -5*u - 13*q. List the prime factors of u.
3, 269
Suppose -4*c - 4*o = 44, -2*o = -0 + 4. Let w(p) = -p**2 - 14*p + 19. Let t be w(c). Suppose 2*r - 41 = -3*s, -25 + t = 2*s - r. List the prime factors of s.
17
Let f = 16 - -5. Suppose 2*i - 121 = f. Suppose -15*u + 16*u - i = 0. What are the prime factors of u?
71
Let b(v) = 24*v + 105. Let m(z) = -27*z - 106. Let q(j) = -5*b(j) - 4*m(j). List the prime factors of q(-17).
103
Suppose 255532 = 83*q + 58020 - 920083. List the prime factors of q.
5, 2693
List the prime factors of -3 + (1 + -5)*79057/(-44).
2, 449
Suppose -217*t = 212*t - 441*t + 423540. What are the prime factors of t?
3, 5, 13, 181
Suppose 16*w - 20*w + 1060 = 0. List the prime factors of -2*4/((-40)/w).
53
Let c(i) = 32*i - 94. Let a(s) = s + 4. Let l be a(10). List the prime factors of c(l).
2, 3, 59
Suppose 17*w = 14*w + 5*c - 13, 4*w + 3*c = 31. What are the prime factors of ((-14 + 13)*-1778)/(w/2)?
7, 127
Let m(a) = -a**3 + 3*a**2 + 8*a - 6. Let c be m(4). List the prime factors of (-4)/c - 15246/(-90).
13
Suppose -5*w = -w + 5*w. What are the prime factors of 158 